 k be 1*-1*(652 + -655). Calculate the highest common factor of 1544 and k.
1
Let x(c) = -c**3 + 13*c**2 - 1. Let q be x(13). Let o(s) = -7*s**3. Let z be o(q). Suppose z*i = 164 - 52. Calculate the greatest common divisor of i and 2.
2
Let v be (1 + 1413/6)/(35/70). What is the greatest common divisor of 430 and v?
43
Let b = 6654 - 6468. Calculate the highest common divisor of 620 and b.
62
Suppose -2*f - 26 + 34 = -4*b, 8 = f - b. Suppose 2*z - 11*z + 180 = 0. What is the highest common factor of f and z?
4
Let m = -799 + 901. Calculate the greatest common factor of m and 510.
102
Let g = -500 + 227. Let j = 149 + g. Let x = j - -158. Calculate the greatest common divisor of 85 and x.
17
Suppose 0 = 5*w + 3*w - 1904. Suppose -27*h = -42*h + 210. Calculate the highest common factor of w and h.
14
Suppose -4*n - 282 = -7*u, -5*n - 52 = -32. What is the highest common divisor of 1767 and u?
19
Let y = -111 + 111. Suppose y = 51*k - 48*k - 138. Let b be (-1)/(-8) + k/16. What is the greatest common divisor of b and 3?
3
Let s be ((-256)/(-40))/(9 - 6738/750). What is the highest common divisor of s and 520?
40
Let i(y) = y**2 - 67*y + 19. Let m be i(67). Suppose 0*d = d - 9. Let a be -3*(-6)/d - -55. Calculate the highest common factor of a and m.
19
Let n be 57 - ((-112)/(-7) + -18). What is the highest common divisor of 29 and n?
1
Let m(j) = j**3 + 18*j**2 + 12*j - 41. Let x be m(-10). What is the highest common divisor of 781 and x?
71
Let r be ((-7744)/1232)/((-3)/21). What is the highest common factor of r and 990?
22
Let c(w) = -101*w - 186. Let s be c(-2). What is the greatest common divisor of s and 304?
16
Let c be ((-1894)/6)/(48/18 - 3). Suppose 3*t + t - c = 5*o, 4*t = 3*o + 949. Calculate the greatest common factor of t and 170.
34
Suppose -14 = 4*r - 22. Suppose 0 = -4*o + r + 38. Let i(t) = 37*t - 1. Let h be i(3). What is the highest common factor of h and o?
10
Let z(t) = 28*t - 26 - 77*t + 78*t. Let x be z(13). Calculate the highest common factor of x and 13.
13
Let s(x) = x**3 - 14*x**2 + 51*x. Let g be s(5). Suppose -35*m + g*m = -1000. What is the highest common divisor of 60 and m?
20
Suppose -1279 = -5*r + 3*n + 1845, -3*r + 1884 = -5*n. What is the greatest common factor of 49 and r?
7
Suppose -61*m + 665 = -56*m. Let t be (-1)/(3 + (-16)/6) + m. What is the highest common factor of t and 20?
10
Suppose -401 + 1019 = 6*p. Suppose 6*f - p - 1745 = 0. Suppose -18 - 38 = -2*x. Calculate the greatest common factor of f and x.
28
Let q(x) = -x**3 + 7*x**2 - 10*x + 4. Let w be q(4). Let t(p) = -5*p**2 + 60*p + 27. Let f be t(w). Calculate the highest common divisor of 180 and f.
9
Let c = -3938 + 6180. Calculate the highest common factor of c and 472.
118
Suppose -80*b = -19*b - 2598 - 6552. Calculate the greatest common divisor of b and 210.
30
Let d be (49/4)/(18*(-14)/(-288)). Calculate the highest common factor of d and 32662.
14
Let a(c) = -2*c**3 + 4*c**2 + 10*c + 6. Let g = -355 + 352. Let k be a(g). Calculate the greatest common factor of 18 and k.
6
Let l = -2377 - -2393. Let j = -25 - 4. Let n = j + 53. Calculate the greatest common factor of n and l.
8
Let j(n) = 2*n + 12. Let c(p) = -p. Let y(s) = 3*c(s) - j(s). Let k be y(-12). Suppose -24 = -4*a + k. Calculate the highest common divisor of a and 54.
18
Suppose 3*g = 5*w + 34, w - 6 = 3*g + 4*w. Suppose y + u - 6 = 0, 5*y - g*u + 0 = -10. Let o = 1462 + -1447. What is the greatest common factor of y and o?
1
Suppose -2*t = -2*n + 16, n - 2*n - 28 = -4*t. Suppose 0 = 2*p - 4*x - 1956, -x + 1965 = 2*p + 4*x. What is the highest common divisor of n and p?
20
Suppose 660 = 4*h + 4*y, -322 = -3*h - 2*y + 168. Calculate the highest common divisor of 2860 and h.
20
Let m = 8 + -4. Suppose -4*z = -b - 113, 4*b + 94 - 32 = z. Calculate the greatest common factor of m and z.
2
Suppose 5*j = -4*w + 964, 5*j - 129*w - 996 = -125*w. What is the highest common factor of 476 and j?
28
Let a(u) = 919*u - 2402. Let s be a(12). Calculate the highest common factor of 38 and s.
38
Suppose -1305 = -x - 5*d, -4*x + 731*d = 727*d - 5028. What is the greatest common divisor of 165 and x?
55
Let f(w) = 3*w**2 + 32*w + 137. Let z be f(-4). What is the highest common divisor of 14687 and z?
19
Let u = -11054 - -11065. Calculate the greatest common divisor of 5951 and u.
11
Let q be 2514/14 - 27/(-63). Calculate the greatest common divisor of 705 and q.
15
Let g = -36 + 50. Suppose 3*y = q - 68, -y - q = -0*y + 20. Let d = y - -120. Calculate the greatest common factor of d and g.
14
Let m = -873 + 1354. Suppose 4*h = m + 143. Suppose 0 = -4*b + h. Calculate the greatest common factor of b and 52.
13
Let q be 2176/8*(-13 + 15). Calculate the greatest common factor of 238 and q.
34
Let a(u) = -331*u + 1691. Let j be a(5). What is the highest common divisor of 7596 and j?
36
Suppose -2950*r = -2862*r - 3344. What is the highest common factor of 2413 and r?
19
Let s = 2266 + -1720. What is the greatest common divisor of 78 and s?
78
Let d(b) = 229*b - 768. Let m be d(4). Calculate the greatest common factor of m and 24.
4
Suppose 489 = 2*y + d - 473, -6 = -3*d. Let k = y - 471. Calculate the highest common divisor of 243 and k.
9
Let m = -222 + 34. Let w be -6 - m - (-3 - 0). Calculate the highest common factor of 37 and w.
37
Suppose 0 = 33*z - 22*z - 16104. What is the highest common factor of z and 60?
12
Suppose -r - 55 = -66. Let p(u) = -3*u**2 + 37*u - 37. Let a be p(r). What is the greatest common factor of a and 175?
7
Suppose 117 = 19*z - 396. Calculate the highest common divisor of 108 and z.
27
Let t = -72 + 74. Let r be t*7 - (-5 - -5). What is the highest common factor of r and 448?
14
Suppose -2*a = -5*p + p + 3106, -3*p + 3*a = -2322. Suppose -1164*j - 2*w - 109 = -1169*j, -5*j + 67 = 4*w. Calculate the greatest common factor of p and j.
19
Let a = -748 - -812. Let y be (a/10 + -2)*(-150)/(-60). What is the greatest common factor of 88 and y?
11
Let k(r) = 2*r**3 + r**2 + 28*r + 22. Let u(d) = d**3 + d + 1. Let o(b) = -k(b) + 3*u(b). Let m be o(6). What is the highest common factor of m and 539?
11
Suppose -5*j - 59 = -a + 109, -5*a - j + 944 = 0. Let b = -178 + a. Calculate the highest common factor of 30 and b.
10
Let u = 4622 + -4284. What is the greatest common divisor of 260 and u?
26
Let r(v) = 18*v**2 - 19*v - 83. Let m be r(-5). Calculate the greatest common divisor of 210 and m.
42
Let r = -89 - -92. Let m be (r/(-6))/(4/(-192)). Suppose 0 = 3*x + 3*w - m, 0 = -2*x - 5*w - 0*w + 22. What is the highest common divisor of x and 9?
3
Let c = 6829 + -6739. What is the greatest common divisor of 140 and c?
10
Let h be (152/(-760))/(2/(-5180)). What is the highest common divisor of 14 and h?
14
Let i(j) = 398*j + 76. Let p be i(24). Suppose 0 = -41*l + p + 5952. Calculate the highest common divisor of l and 20.
20
Let v be (104/56 + 6/(-7))*(601 - -1). What is the greatest common factor of v and 56?
14
Let c = -183 + 184. Let d = 179 + -124. What is the greatest common factor of c and d?
1
Let v be 605/5 + -62 + 43. Let q = -2252 - -3374. What is the greatest common divisor of q and v?
102
Let k(u) = -12*u - 456. Let a be k(-38). Let x be 4/(-10) - 27/(-5). Suppose -x*t + 29 + 131 = a. What is the greatest common factor of t and 64?
32
Let p be ((-6)/4)/(6/(-28)) - -47. Calculate the highest common divisor of 1593 and p.
27
Suppose i + 3*t = 4, -1 = -i - 4*t + 4. Let y be 0 - -1 - (i + -2 + 5). Let v(o) = -2*o + 13. Let d be v(y). Calculate the highest common factor of d and 152.
19
Let a(f) = 10*f + 4. Let s be a(3). Suppose 0 = 5*b + 2*z - 128, 0*z = z + 1. Suppose -63*g = -b*g - 11322. Calculate the highest common divisor of s and g.
34
Let g be (-6916)/(-203) - (-60)/(-870). What is the greatest common factor of 731 and g?
17
Let w be -10*((-3 - -1) + 2 - -4). Let s be (136/w + 3)/((-2)/60). Calculate the highest common divisor of 42 and s.
6
Let i be (-13024)/(-30) - 274/2055. What is the greatest common factor of i and 63?
7
Let c be 7 + -9 - (-49 + 1). Suppose 3*q + 3*i = 435, 3*i + 187 = 3*q - 206. What is the greatest common factor of q and c?
46
Let c(j) = -j**2 - 13*j + 66. Let v be c(-16). Suppose -3*t + 84 = 3*g, t + 4*g = 4 + v. What is the highest common d